8/88). Let r(u) be the third derivative of 0*u - 14*u**2 + a*u**4 - 7/6*u**3 + 0. Determine r(6).
-1
Let n(d) = 12. Let h(a) = -5*a - 230. Let m(x) = h(x) + 16*n(x). Determine m(-5).
-13
Suppose 0 = 20*n + 118 + 42. Let f(x) be the first derivative of -x**3/3 - 3*x**2/2 + 9*x - 829. Calculate f(n).
-31
Let i be -4 + 6543/225 + (-2)/25. Let w(r) = -r**2 + 27*r - 64. What is w(i)?
-14
Let g(o) = o**2 + 7*o + 8. Let t = -147 - -152. Suppose -t*p + 36 = 71. Calculate g(p).
8
Let j(f) = -f. Let p(g) = -9*g - 48. Let d(s) = 6*s + 32. Let t(a) = -8*d(a) - 5*p(a). Let b(y) = -2*j(y) + t(y). What is b(-9)?
-7
Suppose 5 = -2*w - 3*q, 2*w + 8 = 5*q - 9*q. Let k(y) be the third derivative of 0 + 0*y - 1/24*y**4 - 5*y**w - 11/6*y**3. Give k(-6).
-5
Let j(g) = -2*g. Let u(o) = 15428*o + 1824. Let x(f) = 76*f + 9. Let h(t) = -3*u(t) + 608*x(t). Let q(r) = -2*h(r) + 88*j(r). Calculate q(-2).
48
Let o(n) = -2*n**2 + 18*n + 5. Let y(f) = 3*f**2 - 27*f - 8. Let z(c) = 7*o(c) + 5*y(c). Let a = 599 + -534. Suppose w + a = 74. Determine z(w).
-5
Let w(u) = 2*u**2 - 7*u + 1. Let f = 9425 + -9424. What is w(f)?
-4
Let r(j) be the second derivative of -147*j - 7/2*j**2 + 1/12*j**4 + 0 - 7/2*j**3. Determine r(21).
-7
Suppose c + 9 = 11. Let w(v) = -8 + v**c - 5 + 0*v**2 + 9*v + 22. Calculate w(-7).
-5
Let g(z) be the third derivative of 13*z**4/12 + 55*z**3/6 - 741*z**2 - 1. Calculate g(-2).
3
Let d(x) = 2 + 2*x**2 + 3*x**3 + x**2 - 4*x**2 - 3*x. Suppose -305*s + 307*s + c = 6, -2*c + 10 = 3*s. Calculate d(s).
16
Let q(k) = k**2 + 3*k - 7. Let n(g) = 3*g**2 + 9*g - 24. Let s(t) = 4*n(t) - 11*q(t). Determine s(5).
21
Let w(r) = r - 19. Suppose -24 = 1414*l - 1420*l. Determine w(l).
-15
Let k(x) = -x**2 + x + 3. Let a(m) = m**2 - 5*m + 7. Suppose -16*n + 8*n + 16 = 0. Let b(y) = n*k(y) + a(y). Determine b(-6).
-5
Let h(k) = 14*k**2 - 2 + k**3 - 2*k**3 - 20*k**2 + 2*k. Let w(l) be the first derivative of -3*l**4/2 - l**3/3 + l**2/2 + 2. Let n be w(1). What is h(n)?
-14
Let g(u) = 47*u**2 + 13*u - 5. Let w(a) = 21*a**2 + 6*a - 3. Let j(i) = 4*g(i) - 9*w(i). Determine j(-3).
4
Let y = -271 - -266. Let n(l) = 10*l. Let a(p) = -7*p. Let s(z) = y*a(z) - 4*n(z). Let h(x) = x**2 - 5*x + 5. Let f be h(4). Calculate s(f).
-5
Let a(m) = -4 + 3 + 0 + 5*m + 0*m**2 - m**2. Suppose 5*c = -2*r + 5, 2*r - 6 = -6*c + 2*c. Suppose -r = 46*y - 47*y. Calculate a(y).
-1
Let y(w) = -3*w. Suppose -141 = 4*b + 143. Suppose -l = i - 68, -l + 5*i + 41 = -39. Let c = b + l. Calculate y(c).
3
Let j(h) = -h**2 + 4*h - 5. Let n = 38 + -31. Suppose -1 = 3*q - n. Suppose 4 = q*k - 4*m + 2*m, -12 = -4*m. Calculate j(k).
-10
Suppose -120*i + 872 = 32. Let g(v) = 3*v**3 - 21*v**2 + 7*v - 40. Calculate g(i).
9
Let m(t) = t**3 + 3*t**2 + 2*t. Let o(z) = z + 26. Let i(x) = -3*x - 76. Let n(y) = 3*i(y) + 8*o(y). Let r be n(-17). Calculate m(r).
-6
Let w(t) = 312*t**2 + t - 4. Let v be w(-1). Let q = v + -305. Let n(p) = 3*p**3 + 3*p**2 - p - 2. Give n(q).
32
Suppose 0 = -a + 4, 2*k - 4*a = -2*a - 10. Let h(r) = 2210*r + 2195*r - 6636*r - 1 + 2206*r. What is h(k)?
24
Suppose -4*p = 10 + 2. Let j(w) = 16*w + 11*w - 10*w + 7 - 16*w. What is j(p)?
4
Suppose 11*q - 13*q - 53 = 5*b, 30*b + q = -274. Let c(m) = m**2 + 18*m + 5. Determine c(b).
-76
Let u be -3 + ((-92)/(-4) - 3) + -3. Let w be (-1 + 38/4)/(7/u). Let q(l) = -w*l - l**3 + 15*l - 4 + 3 + 3*l**2. Calculate q(2).
-1
Let n(a) = 7*a**3 + 9*a**2 + 14*a + 41. Let r(o) = -3*o**3 - 5*o**2 - 7*o - 18. Let k(x) = 2*n(x) + 5*r(x). What is k(-6)?
-2
Let k(x) = x**3 + 4*x**2 + x + 9. Let r be k(-5). Let a(y) = y**2 + 21*y. Let z be a(r). Let h(w) = -2*w + 7. Give h(z).
7
Let i(t) = 12*t**2 + 2*t + 3. Let x(v) = -4*v**2 - v - 1. Let z(o) = 4*i(o) + 11*x(o). Let j(k) = -38*k - 339. Let a be j(-9). Calculate z(a).
28
Let b(h) = -2*h + 59. Let j(i) = 8*i - 4. Let u be j(4). Let z be b(u). Let a(o) = -o**3 + 2*o**2 + 5*o - 3. Give a(z).
3
Let t(i) = -1609*i - 28 + 26 + 1608*i. Give t(-1).
-1
Suppose -7*q - 6*h - 26 = -9*q, 4*h + 32 = 5*q. Let i(a) be the third derivative of 0*a**q + 0 + 0*a - 2/3*a**3 - 9*a**2 - 1/60*a**5. Calculate i(0).
-4
Suppose -5*r + 6 = -5*m - 4, r - 10 = 3*m. Let l(z) = 14*z**2 + 4*z + 1. Let a(h) = 17*h**2 + 5*h + 1. Let x(b) = -4*a(b) + 5*l(b). Determine x(r).
9
Let d = 1 + -1. Suppose -225*p + 234 = -212*p. Let l(k) = 0*k - p*k + 18*k + 1 - k**3. Determine l(d).
1
Let c(p) be the second derivative of 23/2*p**2 - 1/24*p**4 + 32*p - 7/3*p**3 + 0. Let j(h) be the first derivative of c(h). Give j(-6).
-8
Let j = -12522 + 12525. Let d(o) = 55*o - 12. Give d(j).
153
Let r = 69 + -79. Let x be (-2)/4 + r/20. Let f(w) = 14*w**2 - 2*w - 1. Give f(x).
15
Let m(r) = -8*r**2 + 4*r + 9. Let w(v) = 51*v**2 - 24*v - 57. Let p(k) = -13*m(k) - 2*w(k). What is p(-2)?
13
Let u(b) = -b**2 + 14*b - 29. Suppose -227 = -32*z + 31*z. Suppose -z + 23 = -17*w. What is u(w)?
-5
Let r(g) = -g - 3. Let z(p) = -4*p - 13. Let f(d) = 9*r(d) - 2*z(d). Let h(q) = 8*q + 13. Let a be h(-5). Let y = -34 - a. What is f(y)?
6
Suppose 0 = -w - 5*k + 5, -3*w + 5*k = 3 - 38. Let a be ((-28)/56)/(1/w). Let u(g) = -g**3 - 7*g**2 - 8*g - 4. Give u(a).
-14
Let y(i) = 5*i**2 - 29*i - 17. Suppose -24*x + 112 = -8*x. Calculate y(x).
25
Let s(o) = -1963*o + 9820. Let i be s(5). Let l(b) = 9*b - 66. Determine l(i).
-21
Let s(v) be the first derivative of 3*v**3 - 249. Let f be (-6)/21 - (-288)/28. Suppose r + 7*d = 4*d + 4, -5*r - 5*d = -f. Calculate s(r).
9
Let f(h) = -h**3 + 3*h + 2. Let z(s) = -s**3 - 14*s**2 - 16*s + 9. Let i be z(-13). Suppose -10*v = -6*v + i. Let t be -6 - -3*(-16)/v. Give f(t).
4
Let n(y) = 20*y + 79. Let d(p) = 18*p + 74. Let u(s) = -13*d(s) + 12*n(s). Give u(-14).
-98
Let l(z) be the first derivative of -z**6/360 - 13*z**5/120 + 5*z**4/8 - 2*z**3/3 + 77*z**2/2 - 89. Let n(v) be the third derivative of l(v). Calculate n(-14).
1
Let y(w) be the second derivative of w**4/12 - 13*w**3/6 + w**2 - 1577*w. Determine y(15).
32
Let g = 16 + -3. Let s(j) = 4*j**2 - j - 29. Let x(p) = 11*p**2 + 12*p - 106. Let y(r) = 3*s(r) - x(r). Calculate y(g).
-7
Let l(f) = 3*f**3 - 2*f**2 + 9*f + 3. Let y(p) = -5*p**3 + p**2 - 11*p - 4. Let m(w) = 3*l(w) + 2*y(w). Calculate m(-5).
1
Let h(f) = 2*f - 8. Let k be h(9). Suppose k = -2*x - 4*w, -5*w - 21 - 14 = -5*x. Let j(g) = 4*g - 3*g + g**3 - 5*g**x - g**2. Calculate j(1).
-4
Let y = -10957 + 10963. Let b(j) = -9*j + 57. Determine b(y).
3
Let v = -3767 - -11302/3. Let g(x) be the second derivative of -x**2 - v*x**3 + 19*x + 0. What is g(-3)?
4
Let n(r) = 2*r - 7. Let f = -148 + 156. Let i(w) = w**3 - 6*w**2 - 15*w + 1. Let z be i(f). Calculate n(z).
11
Let x(t) be the first derivative of 6*t - 5/6*t**3 + 1/3*t**4 + 1 - 3*t**2 + 1/20*t**5. Let s(c) be the first derivative of x(c). What is s(-5)?
-6
Let u(k) be the first derivative of 0*k - 2 + 1/4*k**4 - k**2 - 7/3*k**3. Suppose -157*l = -869 - 230. Give u(l).
-14
Suppose -8*t + 4*t - u + 15 = 0, -3*u = -3*t. Let s(a) = a**2 - 145*a**3 + 76*a**3 + 68*a**t + a + 12. Calculate s(0).
12
Let y be (12/(-8))/(3/(-28)). Let t be (y/(-4) - -3)*6. Let i(n) be the second derivative of n**4/6 + 2*n**3/3 + n**2/2 + 69*n - 8. Determine i(t).
7
Let y(m) be the first derivative of -m**3/3 - 2*m**2 + 6*m + 1846. Determine y(-4).
6
Let d(j) = 2*j**3 + 7*j**2 - 7*j + 1. Let s be d(1). Suppose 0 = -3*k, s*p + 5 + 13 = -k. Let h(v) = -v**2 - 8*v - 4. Determine h(p).
8
Let t(s) = s - 31. Let z = -6512 - -6521. What is t(z)?
-22
Let t be (-2)/(-56)*(-80)/(-20) + 16/(-14). Let z(n) = -2*n**2 + 8*n + 9. Give z(t).
-1
Let a(h) = 12 + 15*h - 12*h**2 - 5*h**2 + 19*h**2 - 3*h**2. What is a(18)?
-42
Let j(o) = -3 - 10*o**2 + 3*o - 9*o**3 - 13*o**3 - 17*o**3 + 40*o**3. Determine j(10).
27
Let t(l) = -866 + 3*l - 883 - 2*l - 869 + 2632. Let h be (-2)/((-2)/27)*1. Suppose 5*j - h + 82 = 0. What is t(j)?
3
Let k(w) = 2*w**2 + 2 - 2. Suppose -2*y - 6 = 0, -4*u = y + 3 + 4. Let q be u*(-2)/4 - (-81)/162. Determine k(q).
2
Suppose 7*t = 25*t. Let l(x) be the first derivative of -x**3/3 + 4*x - 24. Determine l(t).
4
Let m(o) = o + 16. Let z be 2898/108 + 3 + 17/(-6). Suppose -z = p - 3*x - 20, 4*p - 5*x = -42. Calculate m(p).
3
Let h(z) = 3*z + 0 - 5 + 2 + 2. Let k(p) = -4*p - 18. Let v be k(-6). Let u be (-26)/(-39)*v/4. 